- 154. What is the hundreds digit of t?
1
Let i be 78/13 + 6/(-2). Suppose i*a + 19 = 4*a. Suppose 101 = 4*o - a. What is the units digit of o?
0
Let f = -19 - -23. Suppose 0*t - t + 46 = -f*k, -4*t + 5*k = -228. What is the tens digit of t?
6
Suppose 5*n + 12 = -2*m - 45, -57 = 3*m - 2*n. Let k(l) = -8*l**2 + l + 3. Let f be k(3). Let u = m - f. What is the units digit of u?
5
Suppose -13*g = -5*c - 9*g + 7424, 5*c - 3*g - 7428 = 0. What is the thousands digit of c?
1
Let g = -76 - -76. Suppose b - 64 - 192 = g. What is the units digit of b?
6
Suppose -4*c = 4*d - 4176, 0 = -3*d - d - 5*c + 4172. What is the hundreds digit of d?
0
Let a = 4209 - 2963. What is the tens digit of a?
4
Let v = -24 + 22. Let d be 9 + (v - -5) + 3. Let x(j) = j**2 - 11*j + 9. What is the units digit of x(d)?
9
Let c be (-2979)/45 - ((-8)/(-10) - 1). What is the units digit of (11/c - 14/(-12))*73?
3
Suppose -27 + 20 = -y. Let k = y - -283. What is the tens digit of k?
9
Let b(q) = q**2 - 39 + q + 7*q - 18*q. What is the units digit of b(20)?
1
Let r(o) = 6*o + 22. Let t(i) = -i - 1. Let y(u) = -r(u) - 10*t(u). What is the units digit of y(4)?
4
Let m(k) be the first derivative of -k**7/840 + k**6/72 + k**5/40 - k**3 + 10. Let n(x) be the third derivative of m(x). What is the units digit of n(4)?
8
Suppose 0 = -8*r + 31 + 241. What is the units digit of r?
4
Let y = 2 + 90. Suppose -k = 2*j - y, -3*j + 5*k + 7 + 118 = 0. What is the tens digit of j?
4
Suppose 6*x = 42*x - 42012. What is the thousands digit of x?
1
Let v = 106 - 265. Let k = v - -297. What is the tens digit of k?
3
Let r(c) = 0*c + c + 2 - 10. Let v be r(10). Suppose o - v = -0*o. What is the units digit of o?
2
Suppose -3*d = 2*d - 5. Suppose -4*p + 12 = 4*t - 24, -2*p + t = -24. Let y = d + p. What is the units digit of y?
2
Suppose -5*a = -76 - 289. Let r(p) = -p**3 - p**2 - 2*p - 3. Let h be r(-2). Suppose 3*n - a = h*g, 7*n = 2*n - 4*g + 97. What is the tens digit of n?
2
Suppose -g = -2*g + 2367. What is the units digit of -4*(8/44 + g/(-132))?
1
Suppose -m - 8 = -2. Let z(h) = h**3 + 5*h**2 - 6*h + 4. Let a be z(m). Suppose 0*t - 4*o + 8 = -a*t, 5*o = -3*t + 34. What is the units digit of t?
3
Suppose 9*w - 992 = 5*w. What is the tens digit of w?
4
What is the thousands digit of (616/(-3) - -3)/(2/(-18))?
1
Let h = 3503 + -1342. What is the hundreds digit of h?
1
Let a be ((-8)/2)/((-4)/24). Let p = 25 - a. What is the tens digit of (76 - 4) + (p - 5)?
6
Let v be (-2)/(-8)*(9 + -1). Suppose -2 = -v*a + 12. Suppose -2*z = -a*z - q + 209, 215 = 5*z - 5*q. What is the units digit of z?
2
Let y = -33 + 33. Suppose y = 4*k + 5*z + 28, k + k + z = -20. Let i = 2 - k. What is the tens digit of i?
1
Let o(x) = -x**3 + 22*x**2 + 28*x - 45. What is the thousands digit of o(18)?
1
Let t be (-6)/2 + 2 + 590. Suppose f = -m - m - 293, 4*m + 5*f = -t. Let i = -93 - m. What is the tens digit of i?
5
Let x = 211 + -206. Let g(y) = 4*y**2 + y - 5. Let b be g(5). Suppose x*c - b = 4*j - j, 5*c - 140 = -5*j. What is the units digit of c?
3
Let a(h) = 10*h**2 + 45*h - 508. What is the hundreds digit of a(17)?
1
Suppose -42 = -3*f + 18. Let a = f + -15. Let i(v) = -v + 17. What is the tens digit of i(a)?
1
Let z(a) = a**2 - a. Let n be z(2). Let h(l) = l + 1. Let s be h(n). What is the units digit of (2 - (s - 1)) + 16?
6
Let m = 1025 + -317. What is the hundreds digit of (m/2)/(-4 + 33/6)?
2
Suppose -4*n - 1 + 4 = 3*d, -d = -n - 8. Let g be 4/8*-3*(-2 + -2). Suppose 2*q = -x + 3*q + g, 4*q = -d*x + 75. What is the tens digit of x?
1
Let i = 4 + -1. What is the tens digit of (-1 - 75)/(i*2/(-12))?
5
Let c(k) = -3*k**3 + 33*k**2 - 62*k + 34. Let o(b) = b**3 - 11*b**2 + 21*b - 11. Let d(z) = 6*c(z) + 17*o(z). What is the tens digit of d(6)?
0
Let f be (-128)/(-60) + (-2)/15. Suppose f*y = -2*y + 3*z + 3, -z = -3*y + 1. Suppose -14 = -r - y*r. What is the units digit of r?
4
Let t be (-2)/4*6 - -46. Suppose 0 = 2*z - 1 - 125. Let p = z - t. What is the tens digit of p?
2
Suppose -19*q + 49724 = 12*q. What is the tens digit of q?
0
Suppose 0*l + 2*l = 5*o - 58, 56 = 5*o - 4*l. Let v be o/(-8)*40/(-15). What is the tens digit of (-3)/(v/(-32)*1)?
2
Let w = 151 - -164. What is the units digit of w?
5
Let u(m) = -18*m**3 + 9*m**2 + 6*m + 2. What is the hundreds digit of u(-2)?
1
Let r = -553 + 1028. What is the tens digit of r?
7
Suppose -2*u + 264 = 2*u - 4*g, 5*u + 4*g = 366. Suppose -4*m + 274 - u = 0. Suppose 6*b - b - m = -3*c, -2*b + 2*c + 14 = 0. What is the units digit of b?
9
Let v(g) = -g**2 - 63*g - 216. What is the hundreds digit of v(-49)?
4
Let z(g) = 104*g**2 + 7*g + 4. Let f be z(-2). What is the hundreds digit of (((-66)/12)/(-11))/(1/f)?
2
Let q(v) = -3*v - 4. Let d = -1 - 5. Let c(b) = 25*b + 33. Let o(p) = d*c(p) - 51*q(p). What is the units digit of o(3)?
5
Let s = 12 + -13. Let w be 0 - 2 - s/(-1). Let k = w + 12. What is the units digit of k?
9
Let m = 291 + 38. What is the units digit of m?
9
Let s = 682 + -292. Suppose -2*r = -5*j - s, r = 5*j + 99 + 86. Suppose -v - 4*v + r = 0. What is the units digit of v?
1
Suppose -4*h + 0 - 10 = 5*u, 5*h - 4 = 2*u. Let x be -10*(h - (-4)/8). Let y = 39 + x. What is the units digit of y?
4
What is the units digit of 59/3 + (-7 - 220/(-30))?
0
Let u(j) = -j**3 + 3*j + 20. What is the hundreds digit of u(-7)?
3
Let u = 22 - -46. Let x = u + -18. What is the units digit of x?
0
Let g(r) = r - 6. Let z be g(6). Suppose -5*a + 0 + 25 = z. Suppose 0*u = p + 2*u - 45, -u + 180 = a*p. What is the units digit of p?
5
Suppose -26*c + 14644 = -5012. What is the hundreds digit of c?
7
Let l = -36 + 122. Let m = 175 - l. What is the tens digit of m?
8
What is the hundreds digit of (6/(-4))/((-8)/(21632/12))?
3
Let c be 2 + -2*(-218)/2. Suppose -5*a + 355 + c = 0. What is the hundreds digit of a?
1
Suppose 0 = 18*n - 21*n + 1482. What is the hundreds digit of n?
4
Let c(r) = 4*r + 6 - 12*r - 90*r**2 + 89*r**2. Let p be c(-9). What is the tens digit of p/4 + (-167)/(-4)?
4
Let l(q) = 162*q + 607. What is the units digit of l(20)?
7
Let o = -170 + 98. Let s be (2/4)/((-2)/o). Suppose 3*m - s = 45. What is the tens digit of m?
2
Let v(x) = x - 3. Let s be v(7). Let h be 6 - 6/2 - s. What is the tens digit of 2 - (8/h)/1?
1
Let s(a) = -17*a + 6. Let l be s(-9). Suppose 5*f - 3*d = -12 - l, -126 = 4*f + 3*d. Let h = 51 + f. What is the units digit of h?
8
Suppose 0*w = 2*z + 2*w + 14, 4*w = 4*z - 4. What is the units digit of -3 + (-21)/z - -61?
5
Suppose 5*f = 2*f - 216. Suppose 4*z - 70 = -z. What is the tens digit of f/z*(-28)/6?
2
Suppose -2*o = 5*o + 14. What is the tens digit of (-452)/(-6) + o/6?
7
What is the hundreds digit of (-3)/((-60)/(-5530))*-10?
7
Suppose -2*d + 6 = j, j = -d - 0*d + 3. Suppose 3*p = 4*x - 215, -5*p = 3*x - j*p - 183. What is the tens digit of x?
5
Let n(v) = -v**2 - 6*v - 5. Let l be n(-4). Let t = 248 + -162. Suppose l*y = y + t. What is the tens digit of y?
4
Let m(x) = -x**3 + 6*x**2. Let n be m(6). Suppose n = 5*s - u - 555, -4*s - 5*u + 444 = -3*u. What is the units digit of s?
1
Let g be -3 - (-3)/(-1)*-1. Suppose 2*o = -g*o + 4. Suppose w = -5*x + 51, -26 - 11 = -w + o*x. What is the units digit of w?
1
Let q(m) = -m**2 - 8*m - 6. Let v be q(-8). Let a be 6/(-6) + 0 + 0 + -2. What is the units digit of (-128)/v + a/9?
1
What is the units digit of (48 - 5)/(4*(-2)/(-280))?
5
Suppose -5*y - 4*c = -15, 3*y - 2*c = 14 - 5. Suppose -y*k - 386 = 5*s, k + 3*s = -57 - 69. Let d = k + 190. What is the units digit of d?
8
Let k be 7/(-8)*-4*18. Let w = -35 + k. What is the units digit of w?
8
What is the thousands digit of (3997 - 35/7) + 3?
3
Let o = -124 - 5. Let j = 194 + o. What is the units digit of j?
5
Suppose 5*n = 2*c + 13963, 0 = -15*n + 12*n - 5*c + 8384. What is the hundreds digit of n?
7
Let t = -7 + 12. Suppose 0 = w + 3, w + t = 2*u - 108. Suppose p + 3*s - 55 = 0, p - u = s + 2*s. What is the tens digit of p?
5
Suppose -2 = 3*q + 4, -5*g = 2*q + 1884. What is the units digit of ((-30)/(-20))/((-6)/g)?
4
Suppose -2*t + 13 + 42 = -3*f, -5*t - 83 = 3*f. What is the tens digit of ((-4)/10 + 714/(-90))*f?
7
Let f(b) = b**3 - 3*b**2 - 2*b + 7. Let k be f(6). Suppose 162 = 5*m - k. What is the tens digit of m?
5
Suppose 3*o = r + 238